e remainder when 64463 is divided by 408?
407
What is the remainder when 265565 is divided by 86?
83
Calculate the remainder when 14101 is divided by 48.
37
Calculate the remainder when 1983 is divided by 935.
113
What is the remainder when 21559 is divided by 431?
9
Calculate the remainder when 29660 is divided by 26.
20
What is the remainder when 4754 is divided by 1208?
1130
Calculate the remainder when 6654 is divided by 14.
4
What is the remainder when 21813 is divided by 41?
1
Calculate the remainder when 5676 is divided by 81.
6
What is the remainder when 9982 is divided by 49?
35
What is the remainder when 234034 is divided by 116981?
72
Calculate the remainder when 869781 is divided by 35.
31
Calculate the remainder when 164540 is divided by 511.
509
What is the remainder when 1631 is divided by 17?
16
Calculate the remainder when 11583 is divided by 151.
107
Calculate the remainder when 162525 is divided by 522.
183
Calculate the remainder when 15225 is divided by 526.
497
What is the remainder when 316533 is divided by 490?
483
Calculate the remainder when 16479 is divided by 7002.
2475
Calculate the remainder when 117402 is divided by 207.
33
What is the remainder when 166224 is divided by 51?
15
What is the remainder when 758661 is divided by 984?
981
Calculate the remainder when 425 is divided by 144.
137
What is the remainder when 691598 is divided by 190?
188
What is the remainder when 4316 is divided by 23?
15
Calculate the remainder when 35670 is divided by 8916.
6
Calculate the remainder when 8911 is divided by 8896.
15
Calculate the remainder when 60257 is divided by 4016.
17
Calculate the remainder when 3199 is divided by 91.
14
What is the remainder when 33878 is divided by 8?
6
What is the remainder when 3847 is divided by 939?
91
Calculate the remainder when 4609 is divided by 4591.
18
What is the remainder when 13237 is divided by 1?
0
Calculate the remainder when 214624 is divided by 8.
0
Calculate the remainder when 1453 is divided by 431.
160
What is the remainder when 23069 is divided by 166?
161
Calculate the remainder when 144037 is divided by 48010.
7
Calculate the remainder when 111348 is divided by 129.
21
Calculate the remainder when 67935 is divided by 3985.
190
What is the remainder when 169966 is divided by 8944?
30
What is the remainder when 13078 is divided by 874?
842
What is the remainder when 3320 is divided by 1090?
50
What is the remainder when 965 is divided by 70?
55
What is the remainder when 233480 is divided by 233465?
15
What is the remainder when 4441 is divided by 1028?
329
Calculate the remainder when 1964 is divided by 56.
4
What is the remainder when 9084 is divided by 648?
12
Calculate the remainder when 7546 is divided by 3769.
8
What is the remainder when 9390 is divided by 851?
29
Calculate the remainder when 6485947 is divided by 50.
47
Calculate the remainder when 146725 is divided by 29323.
110
Calculate the remainder when 1642474 is divided by 11.
9
What is the remainder when 19464 is divided by 18?
6
What is the remainder when 66944 is divided by 577?
12
Calculate the remainder when 72816 is divided by 35.
16
What is the remainder when 21772 is divided by 20?
12
Calculate the remainder when 23573 is divided by 91.
4
Calculate the remainder when 595112 is divided by 26.
24
Calculate the remainder when 59071 is divided by 87.
85
What is the remainder when 1793 is divided by 1777?
16
Calculate the remainder when 63292 is divided by 791.
12
What is the remainder when 8603 is divided by 51?
35
Calculate the remainder when 33246 is divided by 249.
129
Calculate the remainder when 3503397 is divided by 20.
17
Calculate the remainder when 5777 is divided by 676.
369
What is the remainder when 239058 is divided by 211?
206
Calculate the remainder when 989975 is divided by 130.
25
Calculate the remainder when 3199 is divided by 1036.
91
What is the remainder when 193318 is divided by 32?
6
What is the remainder when 27941 is divided by 55?
1
Calculate the remainder when 9981 is divided by 9904.
77
Calculate the remainder when 7245 is divided by 403.
394
Calculate the remainder when 470 is divided by 19.
14
What is the remainder when 102951 is divided by 495?
486
What is the remainder when 196263 is divided by 5?
3
What is the remainder when 781101 is divided by 23?
21
What is the remainder when 38414 is divided by 2743?
12
What is the remainder when 454485 is divided by 227225?
35
What is the remainder when 98080 is divided by 24518?
8
Calculate the remainder when 1532625 is divided by 276.
273
Calculate the remainder when 6978087 is divided by 14.
11
What is the remainder when 8076 is divided by 153?
120
What is the remainder when 7406 is divided by 7405?
1
What is the remainder when 8782 is divided by 15?
7
What is the remainder when 2611960 is divided by 1111?
1110
What is the remainder when 1214 is divided by 64?
62
Calculate the remainder when 11279 is divided by 68.
59
What is the remainder when 169196 is divided by 105?
41
Calculate the remainder when 102211 is divided by 98.
95
Calculate the remainder when 789513 is divided by 84.
81
Calculate the remainder when 1498 is divided by 17.
2
What is the remainder when 1787 is divided by 1763?
24
Calculate the remainder when 87040 is divided by 314.
62
Calculate the remainder when 123393 is divided by 14.
11
What is the remainder when 3414 is divided by 224?
54
Calculate the remainder when 15019 is divided by 1153.
30
Calculate the remainder when 54184 is divided by 185.
164
Calculate the remainder when 3747 is divided by 893.
175
What is the remainder when 16597 is divided by 5457?
226
What is the remainder when 2162 is divided by 720?
2
What is the remainder when 95404 is divided by 47?
41
What is the remainder when 8160 is divided by 302?
6
What is the remainder when 220685 is divided by 18390?
5
Calculate the remainder when 2336574 is divided by 1168280.
14
What is the remainder when 724 is divided by 107?
82
What is the remainder when 7976 is divided by 3988?
0
Calculate the remainder when 5867 is divided by 66.
59
What is the remainder when 50756 is divided by 193?
190
What is the remainder when 73192 is divided by 315?
112
What is the remainder when 270928 is divided by 1173?
1138
What is the remainder when 56047 is divided by 10?
7
Calculate the remainder when 23960 is divided by 45.
20
What is the remainder when 23193 is divided by 213?
189
What is the remainder when 2129 is divided by 7?
1
Calculate the remainder when 6461 is divided by 6394.
67
What is the remainder when 602985 is divided by 86138?
19
What is the remainder when 8749 is divided by 8735?
14
What is the remainder when 130921 is divided by 32728?
9
Calculate the remainder when 59367 is divided by 530.
7
What is the remainder when 4349 is divided by 17?
14
Calculate the remainder when 76134 is divided by 76130.
4
What is the remainder when 6339 is divided by 672?
291
Calculate the remainder when 660 is divided by 629.
31
Calculate the remainder when 246644 is divided by 1106.
6
What is the remainder when 40101 is divided by 121?
50
What is the remainder when 86036 is divided by 36?
32
What is the remainder when 605918 is divided by 201967?
17
Calculate the remainder when 1164265 is divided by 14.
11
What is the remainder when 60058 is divided by 52?
50
Calculate the remainder when 15750 is divided by 101.
95
What is the remainder when 23598 is divided by 3?
0
Calculate the remainder when 8274 is divided by 5.
4
What is the remainder when 2005659 is divided by 16?
11
What is the remainder when 4284 is divided by 1775?
734
What is the remainder when 2773 is divided by 90?
73
What is the remainder when 67637 is divided by 20?
17
Calculate the remainder when 155278 is divided by 31052.
18
Calculate the remainder when 203476 is divided by 101726.
24
What is the remainder when 7196 is divided by 99?
68
What is the remainder when 1032 is divided by 86?
0
Calculate the remainder when 1298 is divided by 220.
198
Calculate the remainder when 1103 is divided by 30.
23
Calculate the remainder when 26465 is divided by 575.
15
Calculate the remainder when 44543 is divided by 14.
9
Calculate the remainder when 251429 is divided by 9670.
9
Calculate the remainder when 9862 is